e u*r = 12 - 2. Suppose 3*v = -5*t - 13, -2*t - r = -3*v + 4*v. Calculate g(v).
-10
Let q(l) = 3*l - 7. Let g(m) = 2*m - 4. Let z(s) = -10*g(s) + 6*q(s). Suppose -2*a + 33*p = 32*p + 4, -p = -5*a - 16. Calculate z(a).
6
Let f(q) be the third derivative of -q**4/24 - q**3/6 + q**2. Suppose 9 = -5*k + 2*a - 4, 5*a - 18 = -2*k. Give f(k).
0
Let c(r) be the second derivative of 0*r**3 + 0 + 9*r - 1/5*r**5 + 1/2*r**2 + 0*r**4. Suppose -13 = d + 4*p - 6, -5*p = -3*d + 13. Determine c(d).
-3
Let n(p) = -4*p**3 + 9*p**2 - 2*p - 7. Let y be (-9)/9 + 1*5. Let g(c) = 3*c**3 - 8*c**2 + c + 6. Let u(x) = y*n(x) + 5*g(x). Give u(-4).
14
Suppose -4*n + 12 = -n. Let i(b) = -b**2 + 2*b - 5. Give i(n).
-13
Suppose 8 = -2*b - 3*w, -b = -3*b - 5*w - 16. Let z = 1 + -1. Let p(v) = 3 - 4 + v + z*v - b*v. What is p(-1)?
0
Let t(z) = 4*z**2 + 7*z - 5. Let q(g) = -g**2 - g + 1. Let y(h) = 5*q(h) + t(h). Give y(3).
-3
Let d(n) be the second derivative of n**4/4 + n**3/2 + n**2 + 11*n. What is d(-2)?
8
Suppose 24 = 2*h + 4*h. Let a(z) = z**3 - 3*z**2 - 2*z - 1. Calculate a(h).
7
Let s(w) = -2*w**2 - 1. Let z(b) = b**3 - 7*b**2 - 1. Let h be z(7). Give s(h).
-3
Let p(h) = h. Let t be (-4)/(-6) + (-3)/(-9). Let c(z) = 4*z + 5. Let g(w) = -7*w - 10. Let o(d) = -11*c(d) - 6*g(d). Let n(y) = t*o(y) + 3*p(y). What is n(-4)?
1
Let t(n) = -n + 13. Let l be t(9). Let m(o) = -o - 1. Calculate m(l).
-5
Let i(w) = 2*w**2 - 1. Let q(g) = g**2 - g - 1. Let k(f) = i(f) - 3*q(f). Give k(3).
2
Let u(f) = f**2 + 2*f. Let c(v) = -v**2 - 2*v - 1. Let i(n) = 4*c(n) + 3*u(n). Give i(-4).
-12
Let m(k) be the first derivative of -k**3/3 + 7*k**2/2 + 3*k - 11. Suppose -w = w - 12. Give m(w).
9
Suppose -5*q = 20, -5*a = -7*q + 2*q - 45. Let o(h) = h**3 - 6*h**2 + 6*h + 1. Let c be o(a). Let w(d) = -1 - 4*d - c - 2*d**2 + 4. Determine w(-2).
-3
Let o(h) be the third derivative of h**5/60 - h**4/12 + h**3 + 7*h**2. Determine o(5).
21
Let d be 2/(-4) - 55/(-22). Let f(j) = 2*j**2 - j - 2. What is f(d)?
4
Let f = -15 + 11. Let z(u) = -2*u**2 - 5*u - 5. What is z(f)?
-17
Let v(g) = -4*g - g**2 + 2*g**3 - g**3 + 1 - 2. Let b = 3 - 1. Let a be b/(-4) + 28/8. Determine v(a).
5
Let t be 44/(-10) + (-2)/(-5). Let n = 8 - 7. Let q(i) = -n + 0 - 4 - 3*i. Give q(t).
7
Let v(r) = r**2 + r + 1. Let y(i) = 5*i**2 + 2*i + 5. Let g(o) = -4*v(o) + y(o). Calculate g(4).
9
Let n(k) = -k**2 - 5*k + 4. Suppose -5*p + q + 7 = -7, 3*q = p - 14. Let b be 1*26*(-1)/(-2). Suppose -5*s = p*c, c - 4*s + 0*s + b = 0. Calculate n(c).
4
Let j(i) = i**2 - i - 2. Let w(h) = -h**2 - 8*h - 10. Let g be w(-6). Calculate j(g).
0
Let s(p) = 7*p**3 - 10*p**2 + 11*p - 1. Let v(z) = 3*z**3 - 5*z**2 + 5*z. Let k(n) = -4*s(n) + 9*v(n). What is k(-4)?
-16
Let x(u) be the third derivative of -u**4/24 + u**3/2 - u**2 - 8. Calculate x(-4).
7
Let g(h) = 3*h**3 - 10*h**2 + 17*h + 6. Let f(v) = -4*v**3 + 15*v**2 - 25*v - 9. Let x(i) = -5*f(i) - 7*g(i). Suppose 2*c + 14 = 2. Determine x(c).
3
Let m(s) be the second derivative of -s**3/6 + 3*s. Let c(n) = -4*n + 1. Let g(a) = c(a) - 3*m(a). Give g(-4).
5
Let v(o) = -o**3 + o**2 + o + 1. Suppose 5*n + 2 = -s, 6 = -s - 2*s. What is v(n)?
1
Let g(w) = 2*w**2 - w - 2. Suppose -5*b = -3 - 7. Suppose 0*f = b*f. Let q = f + 2. Calculate g(q).
4
Suppose -4*i - 5*w + 12 = 0, -5*i + 3*w - 22 = -0*w. Let m(f) = -10*f + 1. Let b(n) = -19*n + 2. Let o(q) = -3*b(q) + 5*m(q). Give o(i).
-15
Let d be (-6)/(-2) + (3 - 2). Let v(t) = d*t - 1 + 1. Let a be (-8)/(-20) + (-12)/5. Calculate v(a).
-8
Let s(n) = -n**3 + 3*n**2 + 2*n - 2. Let g be s(3). Let o be g/(-1)*(-1 + 2). Let k = 9 + o. Let v(l) = -l + 2. What is v(k)?
-3
Let r(i) be the second derivative of -1/20*i**5 - 3/2*i**2 + 5/6*i**3 + 0*i**4 + 0 - 4*i. Calculate r(3).
-15
Let d(h) = 1 - 118*h + h**3 - h**2 + 118*h. Let l(i) = -3*i**3 + 2 - i**2 - 2*i**2 + 6*i**3 + i. Let y(o) = 2*d(o) - l(o). Give y(1).
-1
Let m(d) = 2*d**2 + 4*d + 3. Let y = -13 + 11. Calculate m(y).
3
Suppose -5*j + 3*z = -21, j - 13 = z + 4*z. Let g be j/(-9) + 55/(-15). Let k(c) = 4*c + 6. Give k(g).
-10
Let k = -4 - -16. Let w(t) = -5*t - k*t**2 + 3*t + 11*t**2 - 6 + t. Determine w(0).
-6
Let d = 3 - -1. Let t(r) = 1 + 0*r + 2 - 4*r + 3*r. Give t(d).
-1
Let k(v) = -78*v**3 + 153*v**3 - 2*v**2 - 71*v**3 - v. Give k(-1).
-5
Let l be (-2)/3*3/6*-18. Let t(c) be the third derivative of c**4/24 - 2*c**3 - c**2. Calculate t(l).
-6
Suppose 2*p = v + 3, 0 = -0*v + v + 3*p - 17. Let d(i) = -i - 3. Determine d(v).
-8
Let y(i) = 2*i**2 - 4*i + 3. Let l(s) = -s + s**2 + 4*s - s. Let o be l(-2). Let u be 1 + o + (-2)/(-2). Give y(u).
3
Let c(h) = -h + 2. Let y(u) = 2*u**2 + 2*u - 1. Let f be y(-2). Let v = f - 8. Calculate c(v).
7
Suppose 5*h + 22 = -f, -4*h - 12 - 11 = -f. Let b(w) = w**2 + 4*w. Calculate b(h).
5
Let q be 34/10 - ((-14)/(-35) + -1). Let g(a) = -2 + a**2 + 3 + a - 6*a**2 + a**3. Determine g(q).
-11
Let p(i) be the second derivative of i**5/20 + i**3/6 + 4*i**2 - i. Suppose -2*h + n - 10 = 0, -5*h + 3*n - 25 = 5*n. Let r = h - -5. What is p(r)?
8
Suppose -3 = -2*f + 9. Let w(g) = -7*g + 1. Let y(v) = -15*v + 2. Let n(a) = f*y(a) - 13*w(a). Let o = 0 + 0. What is n(o)?
-1
Let l(x) be the second derivative of -x**3/3 - x**2/2 - 3*x. Calculate l(-3).
5
Let h(o) = 3*o**2 + 3*o + 4. Let z = 7 + -6. Let w(b) = b**2 + b + 1. Let l(k) = z*h(k) - 4*w(k). Calculate l(-4).
-12
Let j(k) = -3*k**2 - 3*k - 1. Let b(c) be the second derivative of c**3/6 + 3*c**2/2 + 4*c. Let r be b(-5). Give j(r).
-7
Suppose 0 = -3*n + 4*j + 26, 3*n = 2*j - 8 + 30. Let b(l) = -l**2 + 3*l + 8. Calculate b(n).
-10
Let c = 2 - -1. Let b be c*(3 + 33/(-9)). Let z(g) = 2*g. Calculate z(b).
-4
Suppose a - 3*l = -2*a + 27, 0 = 5*l + 15. Let w(s) = -s**2 + 7*s + 5. Let k be w(6). Let x = k - a. Let n(h) = -h**3 + 6*h**2 - 4*h + 1. Give n(x).
6
Let v be 0 - 2*-1 - 2. Let g(t) = t**2 + v*t - t + t + 4*t. Give g(-4).
0
Suppose 0 = 4*w - 4, -a - 1 = 4*w - 8. Let b(p) = -4 - p**3 + 2*p**3 + 5*p + 7*p**2 - a. Determine b(-6).
-1
Let u(c) = -4*c**3 + 7*c + 5 - 1 + 5*c**3 - 8*c**2. Calculate u(7).
4
Let c be 33/(-44)*8/(-3). Let d(y) = y**3 - y + 1. Calculate d(c).
7
Let h(x) = -1. Let i(s) = -5*s**2 - 12*s - 11. Let q(l) = 3*l**2 + 6*l + 6. Let o(p) = 4*i(p) + 7*q(p). Let b = -8 - -7. Let c(f) = b*h(f) - o(f). What is c(5)?
8
Let a(r) be the third derivative of -r**6/120 + r**5/20 - r**4/24 + 5*r**3/6 - 2*r**2 - 36. Calculate a(4).
-15
Let j = -7 - -9. Let x(h) = h - h**3 + 1 + 0*h - j*h - h**2 + 2*h. Determine x(-2).
3
Let v(q) = -5*q**3 - 4*q**2 - 7*q - 9. Let r(i) = -4*i**3 - 4*i**2 - 6*i - 8. Let j(p) = 6*r(p) - 5*v(p). Let f = -3 - -7. What is j(f)?
-7
Let b(r) = -6*r + 2 + r**2 + 4*r**2 - r**3 + r**2. Let w = 39 + 1. Let y be ((-5)/4)/((-10)/w). Determine b(y).
-3
Suppose c = -3*c + 40. Suppose -2*s = -0*s - c. Suppose 0*f + s*f - 3*j = 0, f + 2*j = 13. Let d(q) = -2*q**2 + 5*q - 2. Determine d(f).
-5
Let l = 26 - 27. Let c(h) be the first derivative of -1/2*h**2 - h - 1/3*h**3 - 1. What is c(l)?
-1
Let t = -4 + 4. Let j(g) be the first derivative of 2 - 2*g**2 + g**2 + 2 + t. Calculate j(-2).
4
Let q(w) be the first derivative of -w**3 - 3*w**2/2 - 4. Let y(s) = -6*s + 0*s**2 + s**2 + 2 + 4. Let a be y(4). Give q(a).
-6
Let r(d) = -2*d**3 + 2*d**2. Suppose -w - 4 = -3*w. Determine r(w).
-8
Let l(v) = 3*v - 3. Suppose 0 = 5*a + 2*q - 15 - 2, a + q = 4. Suppose a*g - 6 = -2*b, 2*g - 2*b = -2*g + 8. Let j be (g/(-3))/(2/(-9)). Determine l(j).
6
Let i(b) = 12*b + 2. Let l(x) = -6*x - 1. Let f(j) = 3*i(j) + 5*l(j). Suppose -4*p + 5 = 1. What is f(p)?
7
Suppose -u = 1, -u = r - 0*u + 3. Let h be -8 + (1 - 1 - r). Let z(g) = -g - 3. Give z(h).
3
Let m be (-14)/(-6)*(1 + -4). Let s(j) be the third derivative of 9*j**2 + 1/3*j**3 + 1/24*j**4 + 0 + 0*j. Give s(m).
-5
Let d = 20 - 17. Let y(r) = 4 + 4 - d + 2*r. Determine y(4).
13
Let b(w) be the first derivative of 1/2*w**2 - 5 + 3*w. Calculate b(0).
3
Let l(i) = i**2 - 4*i + 4. Suppose 4 = 3*w - 2*a, -5*w - a + 26 = 2. Determine l(w).
4
Let u(j) = 6*j**2 + 3*j + 10. Let x(c) = 0 + 5*c**2 + 9 + 0 + 2*c. Let a(t) = -6*u(t) + 7*x(t). Calculate a(-5).
-2
Suppose 0*o = -o + 3. Let p(c) be the second derivative of c**3/6 - 7*c**2/2 - 14*c. Give p(o).
-4
Let h(r) = -4 - r**2 - 4*r + 